prime factors of 99 - u/(10/(-4))*5.
97
List the prime factors of (126864/(-6))/(-1) - 5*(0 + 1).
21139
Let p(s) = -s**3 - 8*s**2 + 9*s + 7. Suppose 3*i - 3*t + 39 = 0, -2*i = -4*i + t - 22. Let o be p(i). Suppose 4*f - o*f = -159. What are the prime factors of f?
53
Let t = 1458 + -362. What are the prime factors of t - 2/((-18)/63)?
1103
Let z be (-1255)/(-25) - 1/5. Suppose 134 = 4*y - z. What are the prime factors of 6/18 + y/6?
2
Let n(k) = 2*k**3 + 2*k**2 + 6*k - 7. What are the prime factors of n(7)?
3, 7, 13
Let h(p) = 1327*p**2 - 682*p + 3392. What are the prime factors of h(5)?
71, 467
Suppose -4*v + t + 1710 + 6230 = 0, -4*v = 2*t - 7940. Suppose -5*h - v + 7985 = 0. Suppose -k = 5*k - h. What are the prime factors of k?
2, 5
Let p(v) = -v**3 - 14*v**2 - v + 16. Let o be p(-14). What are the prime factors of 1810/4 - (3 - o/12)?
2, 113
Let y = -3731 - -7069. What are the prime factors of y?
2, 1669
Let f be 2/((9/(-270))/(2/4)). Let p be 6/f + (-4)/5. Let k(d) = -19*d**3 - 2*d**2 - 4*d - 3. List the prime factors of k(p).
2, 3
Suppose 5*r = 0, o = -2*r + 22 + 43. Let a(i) = 20*i - 3. Let t be a(-3). Let n = o + t. What are the prime factors of n?
2
Let x = 578 - 560. Suppose 15*s + 1407 = x*s. What are the prime factors of s?
7, 67
Let f(y) = -49*y - 74. Let o be ((-3)/(9/(-2)))/((-5)/105). What are the prime factors of f(o)?
2, 3, 17
Let c = 997 - 503. What are the prime factors of (c/(-5))/((-4)/10)?
13, 19
What are the prime factors of 4/(2*(-1 - (-5 - (-76881)/19222)))?
2, 1373
Let a be -10*15/12*2*1. Let d = a + 9. Let m = d - -57. List the prime factors of m.
41
Suppose 31*p - 36*p - 140292 = -32*p. What are the prime factors of p?
2, 3, 433
Let z(q) = 2*q**2 + 12*q + 4. Let v be z(-4). List the prime factors of 320/(-30)*531/v.
2, 59
Let x = 33394 - 10861. List the prime factors of x.
3, 7, 29, 37
Let a = -493 + 488. List the prime factors of (6/a)/(496/(-120) + 4).
3
Suppose -r = 4*g - 590, 2*g + 3*r + 582 = 6*g. Let h = 150 - g. What are the prime factors of 9538/57 - 1/h?
167
Let v = 4 - 58. Let w = -42 - v. List the prime factors of (-5)/((-20)/w) - -11.
2, 7
Suppose -7*n + 10*n - 9 = 0. Suppose n*x + x + 3*z = 1535, 1165 = 3*x + 5*z. List the prime factors of x.
2, 5, 19
Suppose -h + 35291 = 2*f, f - 17645 = 181*h - 182*h. What are the prime factors of f?
2, 3, 17, 173
List the prime factors of (2/(-3))/(-6*(-13)/(-22347)).
191
Let b = -9134 + 13700. What are the prime factors of b?
2, 3, 761
Suppose 5*w - 220 = 25. Suppose 5*d - w = 11. Suppose 9*f + 378 = d*f. List the prime factors of f.
2, 3, 7
List the prime factors of 1489390/245 + (-32)/28.
2, 3, 1013
Suppose 1371*d - 1364*d - 8687 = 0. What are the prime factors of d?
17, 73
Let j be 10/(-4)*(-15252)/205. Let o = 43 + j. List the prime factors of o.
229
Suppose 3489 = -n + 3*u, -n - 305 = -4*u + 3182. Let m = 5163 + n. What are the prime factors of m?
2, 3, 139
Suppose 7*j - 117 = -68. Suppose -70 = j*o - 1449. What are the prime factors of o?
197
Let f(n) = -n**2 - 10*n + 78. Let s be f(-23). Let h = -5 - s. List the prime factors of h.
2, 3
What are the prime factors of 13579 - 4*(-9)/(-18)?
13577
Suppose 0 = 5*c - 23 - 2. Suppose c*k - 52 = -82. What are the prime factors of 1*((-148)/k)/(8/12)?
37
Let w = -13 + 50. Suppose -10*u = -w - 103. Suppose -4*x = h + u, x - 5*x - 10 = 3*h. What are the prime factors of h?
2
Let m be (-33 - (4 + -4)) + -2. Let n = 58 + -141. What are the prime factors of m/55*n + 2/11?
53
Let y(u) = -4*u + 12. Suppose -4*i - f - 2*f + 51 = 0, 4*i = -f + 57. Let g = i - 20. List the prime factors of y(g).
2
Suppose 74*v + 6 = 71*v. Let c be (v/4)/(4/(-1560)). Suppose 5*k + 3*b - 549 = 0, 0 = -3*k - 3*b + c + 138. What are the prime factors of k?
2, 3
Let o = -898 + 894. List the prime factors of o*(-5 - 2990/8).
3, 5, 101
Suppose 2*t = -2 - 370. Let p = -120 - t. Suppose i + i = p. List the prime factors of i.
3, 11
List the prime factors of (-922)/3*4*495/(-132).
2, 5, 461
What are the prime factors of 35452672/1738 - (-6)/(-11)?
2, 7, 31, 47
Let u(m) = 42*m**2 + 5*m + 5058. List the prime factors of u(0).
2, 3, 281
Let m(s) = -s**3 - 25*s**2 - 2*s - 27. Let u be m(-25). Let r = u - -84. Suppose 0 = 4*y + 5*p - 990, 2*y + r = -2*p + 603. What are the prime factors of y?
2, 5
Let l(h) = 179*h**2 - 87*h + 1133. What are the prime factors of l(12)?
5, 7, 739
Let p be 4 + (-10)/(-70)*(-21)/3. Suppose -142 = 2*u - 3*u. Suppose p*l + 5*b = 320, 622 - u = 4*l - 4*b. List the prime factors of l.
5, 23
Suppose 0 = -8*v - 7*v + 30. Suppose -468 = -4*m + v*m. What are the prime factors of m?
2, 3, 13
Let u = -2461 - -3516. List the prime factors of u.
5, 211
Let q(g) be the third derivative of -8*g**4/3 - g**3/6 - 4*g**2. Let r be q(11). What are the prime factors of 6/(-9)*r/10?
47
Let i be 10/(((-3)/3)/(-17)). Let n = -70 + 70. Suppose n*w - w = -2*r + 122, -3*r - 5*w = -i. What are the prime factors of r?
2, 3, 5
Suppose -4*n - 3*g - 1503 + 36844 = 0, -3*g = 5*n - 44177. What are the prime factors of n?
2, 47
Suppose 131 = 3*v + o + o, 0 = 3*o + 6. Suppose -x = -60 + v. Let f(p) = p**3 - 12*p**2 - 37*p + 3. List the prime factors of f(x).
3, 41
Suppose -79*h + 38*h + 34*h + 89817 = 0. List the prime factors of h.
3, 7, 13, 47
Let x = 48 - 281. Let l = -113 - x. What are the prime factors of l?
2, 3, 5
What are the prime factors of 315 + -4*3/(-6)?
317
Let u = 212 - 210. List the prime factors of -4 + (3*(u + -3) - -340).
3, 37
List the prime factors of ((-4966)/(-8))/((-17)/(-408)).
2, 3, 13, 191
Let t(x) = 35 - 103*x - 44 + 35 + 51. List the prime factors of t(-3).
2, 193
Let d = 124 + -208. Let h = -46 - d. Suppose -4*b + 4 = 0, -p = 4*b - 84 - h. List the prime factors of p.
2, 59
Let g(z) = 255*z**2 + 774*z + 9. What are the prime factors of g(-5)?
2, 3, 419
What are the prime factors of 544420/200 - (-1)/(-10)?
2, 1361
Suppose 133385 + 978466 = 51*y. What are the prime factors of y?
3, 13, 43
Let q(i) = 2*i**2 + 15*i + 9. Let c be q(-7). Let r(j) = 95*j**3 - 2*j**2 + 8*j - 12. List the prime factors of r(c).
2, 3, 7
Let l = -140 - -136. Let g(n) = -4*n**3 + 4*n**2 + 12*n + 24. What are the prime factors of g(l)?
2, 37
Suppose -494*a + 503*a + 27 = 0. Let g(v) = 225*v**2 + 54*v - 3. What are the prime factors of g(a)?
2, 3, 5, 31
Let x = 70363 - 43954. What are the prime factors of x?
3, 8803
Suppose h + 116*c = 120*c + 5190, -2*c = -2*h + 10368. What are the prime factors of h?
2, 2591
Suppose -r = -4*p - 5592, 0 = 10*p - 12*p - 12. List the prime factors of r.
2, 3, 29
Let a(c) = 11*c**2 - 18*c + 27. Suppose j + 2 = 0, -2*o - 2*j + 5*j = -18. What are the prime factors of a(o)?
3, 5, 7
Let k = 30081 - 22166. What are the prime factors of k?
5, 1583
Let h be 183/9 + (-5)/15. Suppose 2*y + 3*y = h. Suppose -y*n - 4*d + 116 = 0, -4*n + 116 = -9*d + 5*d. What are the prime factors of n?
29
Let q = 932 + -924. What are the prime factors of (-51997)/(-77) - q/28?
3, 5
Suppose -3*q = 4 - 10. Let i(c) = -10 + 8 + 1 + 7*c**2 + c**3 + q*c**2 + 8*c. What are the prime factors of i(-6)?
59
Suppose -7*v + 31 = 3. Let h be 3*(v*(-3 + 4) - 3). Suppose 3*d + 2*l - 624 = 0, h*d - 2*l - 416 = 220. List the prime factors of d.
2, 3, 5, 7
Suppose 24*i + 2*r + 120762 = 27*i, 0 = -4*r + 12. What are the prime factors of i?
2, 17, 37
Let w = -174 - -142. Let h = 42 + w. List the prime factors of h.
2, 5
Suppose 10*u = 16*u - 60. Let t = -2 + 21. Suppose r - u - t = 0. What are the prime factors of r?
29
Let b(z) = 15*z + 11. Let v be (-4)/10 + (-351)/(-65). Suppose v*s = 4*j + 35, -j + 0*j + 4 = 3*s. What are the prime factors of b(s)?
2, 7
Let m(i) = -i**3 + 8*i**2 - 5*i + 30. Let d be m(8). List the prime factors of (-3994)/d + (-2)/5.
3, 7, 19
Let v = 36 + -36. Suppose v = -4*c + 2*j + 8, -c + 4*j = -0*c + 5. Suppose -c*w - 92 = -371. List the prime factors of w.
3, 31
Let k(s) = 21*s + 57. Suppose -2*c + 36 = 4*z - 5*c, 0 = z + 4*c + 10. List the prime factors of k(z).
3, 61
Suppose u = -4*m - 38093, 0 = -m - 3*u - 8564 - 951. What are the prime factors of (-1 - m/14) + (-4)/14?
7, 97
Suppose 0 = 14*x - 17*x + 54. List the prime factors of 4434/4 + x/(-12).
3, 41
Let m = 5945 - 5940. Let b = 21 + -15. Suppose -b*a = -m*a, 3*i - 399 = 2*a. What are th